rt -156 (base 8) to base 3.
-11002
Convert -2 (base 11) to base 12.
-2
What is -13 (base 9) in base 8?
-14
What is -b (base 13) in base 7?
-14
12 (base 3) to base 5
10
100 (base 3) to base 10
9
Convert -79 (base 12) to base 13.
-72
Convert 11 (base 2) to base 4.
3
What is 1 (base 5) in base 14?
1
What is -96 (base 15) in base 13?
-ab
What is -101101 (base 2) in base 12?
-39
What is -5 (base 16) in base 3?
-12
What is 92 (base 10) in base 2?
1011100
What is -302 (base 6) in base 10?
-110
What is -6 (base 8) in base 4?
-12
Convert -26 (base 14) to base 3.
-1021
Convert -1101 (base 6) to base 12.
-191
-2 (base 3) to base 8
-2
Convert -8b (base 12) to base 16.
-6b
Convert 11010 (base 2) to base 7.
35
Convert -16 (base 7) to base 6.
-21
-2 (base 13) to base 8
-2
Convert 3 (base 13) to base 6.
3
Convert 1001 (base 2) to base 3.
100
Convert 9 (base 11) to base 14.
9
-44 (base 7) to base 13
-26
Convert -24 (base 14) to base 4.
-200
What is e (base 15) in base 3?
112
Convert -a (base 11) to base 12.
-a
-2 (base 15) to base 2
-10
Convert 10 (base 5) to base 3.
12
Convert -33 (base 12) to base 14.
-2b
-4 (base 9) to base 15
-4
Convert 17 (base 10) to base 6.
25
Convert -10a (base 12) to base 16.
-9a
Convert 1 (base 12) to base 16.
1
Convert 2 (base 8) to base 5.
2
Convert -68 (base 13) to base 2.
-1010110
What is -9 (base 11) in base 3?
-100
1 (base 13) to base 10
1
Convert 8 (base 9) to base 12.
8
-4 (base 15) to base 4
-10
What is 3210 (base 4) in base 15?
103
What is 143 (base 13) in base 15?
ee
-13 (base 4) to base 11
-7
a (base 16) to base 11
a
What is -3 (base 14) in base 15?
-3
26 (base 16) to base 4
212
What is -7 (base 12) in base 10?
-7
2 (base 4) to base 7
2
5 (base 10) to base 8
5
-11110 (base 2) to base 6
-50
-3 (base 14) to base 6
-3
Convert -43 (base 16) to base 14.
-4b
Convert 1 (base 10) to base 11.
1
412 (base 6) to base 5
1102
What is 4 (base 11) in base 16?
4
What is -10 (base 14) in base 5?
-24
Convert -11 (base 14) to base 4.
-33
4 (base 7) to base 12
4
What is 3 (base 7) in base 15?
3
What is 5 (base 12) in base 5?
10
-5 (base 13) to base 7
-5
What is 1342 (base 5) in base 12?
166
What is -242 (base 7) in base 4?
-2000
-10 (base 3) to base 6
-3
What is -22 (base 3) in base 10?
-8
What is b7 (base 12) in base 6?
351
-36 (base 11) to base 2
-100111
What is 101 (base 3) in base 2?
1010
6 (base 15) to base 14
6
-1 (base 14) to base 6
-1
3b (base 16) to base 6
135
Convert -16 (base 7) to base 13.
-10
Convert -112 (base 3) to base 11.
-13
What is -75 (base 9) in base 8?
-104
What is 14 (base 7) in base 13?
b
What is -43 (base 12) in base 10?
-51
-ac (base 14) to base 8
-230
What is -14 (base 14) in base 11?
-17
What is -2210 (base 3) in base 14?
-55
Convert 4e (base 15) to base 11.
68
Convert -6a (base 13) to base 4.
-1120
-1 (base 3) to base 13
-1
-1 (base 15) to base 3
-1
What is -110 (base 4) in base 14?
-16
0 (base 4) to base 9
0
Convert -12 (base 4) to base 2.
-110
Convert 122 (base 4) to base 16.
1a
Convert 2221 (base 3) to base 12.
67
What is 2 (base 3) in base 5?
2
What is 1 (base 11) in base 8?
1
What is -3 (base 16) in base 3?
-10
110 (base 2) to base 3
20
Convert -d (base 16) to base 15.
-d
What is 1 (base 13) in base 5?
1
What is -12 (base 9) in base 3?
-102
Convert 1123 (base 6) to base 12.
1a3
3 (base 8) to base 6
3
What is 1110 (base 2) in base 16?
e
23 (base 13) to base 7
41
-1200 (base 3) to base 9
-50
Convert 10 (base 7) to base 12.
7
What is 3 (base 7) in base 6?
3
13 (base 10) to base 7
16
What is -7 (base 14) in base 7?
-10
What is 124 (base 7) in base 4?
1003
-23 (base 11) to base 6
-41
What is -f (base 16) in base 8?
-17
What is -26 (base 13) in base 4?
-200
-14 (base 5) to base 12
-9
What is 33 (base 4) in base 11?
14
What is 113 (base 16) in base 15?
135
-dd (base 14) to base 12
-143
What is -1c (base 13) in base 10?
-25
Convert -68 (base 9) to base 3.
-2022
-13 (base 10) to base 8
-15
2 (base 5) to base 16
2
-2 (base 5) to base 11
-2
What is -46 (base 7) in base 11?
-31
What is -26 (base 13) in base 16?
-20
Convert 1001 (base 2) to base 12.
9
What is -1 (base 11) in base 16?
-1
Convert -77 (base 13) to base 7.
-200
What is 16 (base 14) in base 9?
22
-10 (base 4) to base 16
-4
Convert 20 (base 3) to base 8.
6
Convert 0 (base 13) to base 6.
0
What is 13 (base 9) in base 4?
30
What is -113 (base 6) in base 10?
-45
What is -43 (base 12) in base 6?
-123
Convert -41 (base 7) to base 3.
-1002
262 (base 10) to base 9
321
Convert -2 (base 12) to base 9.
-2
What is b2 (base 16) in base 9?
217
55 (base 12) to base 8
101
Convert -b (base 14) to base 9.
-12
Convert 3 (base 12) to base 7.
3
1 (base 8) to base 10
1
What is 4 (base 8) in base 16?
4
What is -316 (base 10) in base 5?
-2231
Convert -35 (base 6) to base 5.
-43
What is -2 (base 6) in base 9?
-2
Convert -20 (base 9) to base 3.
-200
Convert -15 (base 9) to base 4.
-32
What is 1100 (base 2) in base 10?
12
Convert 15 (base 8) to base 4.
31
110000 (base 2) to base 12
40
What is -142 (base 12) in base 16?
-c2
What is 34 (base 16) in base 8?
64
Convert 4 (base 12) to base 13.
4
Convert -121 (base 7) to base 15.
-44
-34 (base 15) to base 2
-110001
Convert -168 (base 16) to base 11.
-2a8
Convert -1 (base 7) to base 14.
-1
What is 6 (base 16) in base 13?
6
What is 227 (base 9) in base 15?
c7
Convert -26 (base 7) to base 16.
-14
What is 26 (base 8) in base 10?
22
What is -2 (base 8) in base 14?
-2
-3 (base 7) to base 2
-11
4 (base 11) to base 13
4
What is 38 (base 16) in base 14?
40
What is -2 (base 14) in base 9?
-2
What is 11 (base 10) in base 8?
13
What is -7 (base 15) in base 7?
-10
What is -11 (base 4) in base 12?
-5
1 (base 4) to base 2
1
What is -3 (base 16) in base 13?
-3
110 (base 3) to base 6
20
Convert 2 (base 13) to base 7.
2
Convert -1 (base 13) to base 16.
-1
Convert 1 (base 10) to base 4.
1
-2 (base 14) to base 11
-2
What is -2 (base 10) in base 6?
-2
-12 (base 14) to base 13
-13
Convert -4 (base 15) to base 16.
-4
-4 (base 8) to base 3
-11
What is 1 (base 4) in base 7?
1
Convert 112 (base 9) to base 11.
84
Convert -7 (base 11) to base 10.
-7
Convert -1324 (base 5) to base 9.
-257
3 (base 12) to base 16
3
-21 (base 4) to base 14
-9
Convert -3 (base 5) to base 7.
-3
Convert 4 (base 12) to base 11.
4
What is -5a (base 15) in base 6?
-221
Convert -5 (base 9) to base 6.
-5
What is 46 (base 10) in base 15?
31
Convert 2 (base 6) to base 14.
2
Convert -11 (base 9) to base 15.
-a
What is 3 (base 11) in base 7?
3
-a6 (base 14) to base 4
-2102
-136 (base 7) to base 6
-204
What is a5 (base 14) in base 13?
b2
What is -2 (base 3) in base 2?
-10
-11110010 (base 2) to base 5
-1432
Convert 57 (base 8) to base 12.
3b
2 (base 16) to base 5
2
What is -10 (base 3) in base 7?
-3
1 (base 8) to base 4
1
Convert 23 (base 10) to base 14.
19
3 (base 4) to base 6
3
What is 1a2 (base 12) in base 11?
222
251 (base 6) to base 15
6d
Convert 72 (base 9) to base 4.
1001
2b (base 15) to base 5
131
What is 3 (base 8) in base 11?
3
-1000011 (base 2) to base 8
-103
Convert -1122 (base 3) to base 10.
-44
What is 2 (base 4) in base 3?
2
Convert -47 (base 13) to base 7.
-113
-232 (base 4) to base 11
-42
What is 222 (base 5) in base 6?
142
11 (base 7) to base 5
13
-12 (base 3) to base 16
-5
What is -1 (base 3) in base 7?
-1
0 (base 14) to base 13
0
-136 (base 13) to base 15
-e4
What is -6 (base 10) in base 16?
-6
Convert 20 (base 4) to base 5.
13
Convert -30 (base 11) to base 5.
-113
7 (base 15) to base 5
12
What is 33 (base 6) in base 10?
21
What is 1003 (base 6) in base 4?
3123
What is -20 (base 11) in base 15?
-17
What is -150 (base 11) in base 2?
-10110000
Convert 301 (base 5) to base 16.
4c
Convert 1 (base 14) to base 4.
1
Convert 63 (base 14) to base 3.
10020
100 (base 3) to base 15
9
-6 (base 15) to base 13
-6
1 (base 5) to base 6
1
-12 (base 3) to base 16
-5
What is -139 (base 11) in base 7?
-322
What is -15 (base 9) in base 2?
-1110
What is -1000 (base 2) in base 5?
-13
Convert -3 (base 15) to base 5.
-3
-7 (base 8) to base 12
-7
-55 (base 7) to base 6
-104
Convert 17 (base 10) to base 15.
12
Convert -10001010 (base 2) to base 14.
-9c
107 (base 9) to base 6
224
Convert -3 (base 15) to base 3.
-10
Convert -60 (base 10) to base 8.
-74
10222 (base 3) to base 12
8b
72 (base 8) to base 4
322
-